prime?
True
Is 34255313303 a composite number?
False
Is 903277451 prime?
False
Is 36028237673 composite?
False
Is 4131552149 prime?
False
Is 6080293651 prime?
False
Is 2278256303 a prime number?
True
Is 2227592249 composite?
False
Is 1280557319 a prime number?
False
Is 41090756439 composite?
True
Is 6076470451 prime?
False
Is 172840893331 a prime number?
True
Is 75003594233 prime?
True
Is 19113419813 composite?
False
Is 12501099659 a composite number?
True
Is 4472039993 composite?
True
Is 7008905689 prime?
True
Is 3851483947 a prime number?
True
Is 549527509 prime?
False
Is 960862685 prime?
False
Is 2706215749 a composite number?
False
Is 311555957 prime?
False
Is 27615703223 composite?
True
Is 602667743 prime?
True
Is 100613729 prime?
True
Is 52847032019 composite?
False
Is 318507509 a prime number?
False
Is 4254736687 a prime number?
True
Is 1231738493 composite?
True
Is 168767843 prime?
False
Is 18316056223 a composite number?
False
Is 35608851769 composite?
False
Is 162152249498 a prime number?
False
Is 1608520141 composite?
True
Is 14310383 composite?
True
Is 975309443 composite?
True
Is 8334243991 composite?
False
Is 2081072263 a composite number?
True
Is 7171797453 composite?
True
Is 2976908665 prime?
False
Is 6555946039 a composite number?
True
Is 2693189771 a prime number?
False
Is 21054414649 a composite number?
False
Is 1745414543 prime?
True
Is 379990433 a composite number?
True
Is 787402163 composite?
True
Is 18978551759 prime?
True
Is 221996897497 a composite number?
False
Is 702667733 composite?
True
Is 3938514149 composite?
False
Is 1888071805 a prime number?
False
Is 34928257379 prime?
False
Is 963849622 composite?
True
Is 12080475851 a composite number?
True
Is 4675942681 a prime number?
False
Is 14615003057 a composite number?
True
Is 2592073201 a prime number?
True
Is 2753244101 a composite number?
False
Is 19154278753 a composite number?
True
Is 15297792439 a composite number?
False
Is 3434290269 prime?
False
Is 383025814 a composite number?
True
Is 18422597389 a composite number?
True
Is 3533214701 a prime number?
True
Is 895659317 composite?
True
Is 15656115547 prime?
True
Is 76569042271 a prime number?
True
Is 10548752749 a composite number?
True
Is 58788931 a composite number?
False
Is 17041757479 a prime number?
True
Is 2727540863 composite?
False
Is 5069210951 composite?
True
Is 817180241 composite?
True
Is 1087405393 a prime number?
False
Is 940681643 composite?
True
Is 16460506727 prime?
False
Is 15905106509 composite?
True
Is 33133772131 a prime number?
True
Is 72275249 prime?
True
Is 29485363 composite?
False
Is 374218409 a composite number?
True
Is 20622595141 composite?
True
Is 7621789683 a prime number?
False
Is 284973895 a composite number?
True
Is 25057330009 prime?
True
Is 659277761 prime?
False
Is 190290623 a composite number?
True
Is 4907233909 prime?
True
Is 13750146691 prime?
True
Is 4052656259 a composite number?
False
Is 717445754 a prime number?
False
Is 179935891 prime?
True
Is 8739111893 composite?
True
Is 28549077757 composite?
False
Is 4730656979 composite?
True
Is 33602208361 composite?
False
Is 16510956047 a prime number?
False
Is 7147515679 a prime number?
True
Is 1842472217 a composite number?
False
Is 629107529 composite?
True
Is 345692357 a composite number?
True
Is 72369497 a prime number?
True
Is 2862882107 composite?
False
Is 41273711774 composite?
True
Is 12831236003 prime?
True
Is 82735794763 a composite number?
False
Is 7621306991 prime?
True
Is 1928961929 a composite number?
True
Is 134301607079 a prime number?
True
Is 4034375123 a composite number?
True
Is 17939301271 a prime number?
False
Is 477334625269 a prime number?
False
Is 16028497777 a prime number?
True
Is 299214346985 prime?
False
Is 7646505005 a composite number?
True
Is 69932227681 a composite number?
False
Is 445451359 composite?
True
Is 6667569151 a prime number?
True
Is 8434143489 prime?
False
Is 1132428977 a prime number?
False
Is 58402621 prime?
True
Is 6202492603 prime?
True
Is 237345233 prime?
True
Is 372220153 a composite number?
True
Is 648937687 prime?
False
Is 4562817517 prime?
True
Is 102458747 a prime number?
True
Is 209976387239 a composite number?
False
Is 588816451 prime?
False
Is 181882681 a composite number?
False
Is 12710267391 prime?
False
Is 7780231931 composite?
True
Is 9927129607 composite?
True
Is 8011497427 prime?
False
Is 9748515137 prime?
False
Is 4239418559 a prime number?
True
Is 1533170707 prime?
True
Is 383363873 prime?
True
Is 17667906853 a composite number?
False
Is 215700392071 a prime number?
False
Is 180045113617 a composite number?
False
Is 43987492947 composite?
True
Is 16952237529 a composite number?
True
Is 15475559577 composite?
True
Is 69701709835 prime?
False
Is 1389616229 prime?
False
Is 3367476941 a prime number?
True
Is 108562609 composite?
False
Is 978302813 composite?
False
Is 256389569 prime?
True
Is 20790691819 prime?
True
Is 63619450753 composite?
False
Is 295038073 prime?
False
Is 36508379945 a composite number?
True
Is 41275936717 composite?
True
Is 4593890303 prime?
False
Is 569840897 a composite number?
False
Is 2786684833 a prime number?
True
Is 125416691 a composite number?
True
Is 2443321333 a composite number?
False
Is 9487644619 prime?
False
Is 3339053461 composite?
True
Is 785735999 a prime number?
False
Is 2929498783 a composite number?
False
Is 9310059271 a composite number?
False
Is 112270044655 prime?
False
Is 12808858357 a composite number?
True
Is 1574018395 a prime number?
False
Is 64382469059 prime?
True
Is 180035087 composite?
False
Is 52779863263 composite?
True
Is 58741073 composite?
True
Is 1449276109 composite?
False
Is 4489651343 a composite number?
True
Is 498921521 prime?
False
Is 2765975791 a composite number?
True
Is 600373106 a prime number?
False
Is 1158561251 prime?
True
Is 95899391851 prime?
True
Is 6389287051 composite?
True
Is 902544763 prime?
True
Is 77031416029 prime?
True
Is 266292505631 prime?
True
Is 14641347849 prime?
False
Is 698208473 a prime number?
True
Is 10168142095 prime?
False
Is 3400656713 a composite number?
False
Is 31908545933 composite?
True
Is 112684125329 a prime number?
True
Is 8773325611 a prime number?
True
Is 369483701 composite?
True
Is 788579933 a composite number?
True
Is 1144089599 a composite number?
False
Is 6289519477 composite?
True
Is 648237103 composite?
False
Is 102384203762 a prime number?
False
Is 1220611877 prime?
False
Is 3601186073 a composite number?
False
Is 2212222687 a prime number?
False
Is 5382385919 a prime number?
True
Is 309993107 a prime number?
True
Is 13670514958 prime?
False
Is 715168901 composite?
True
Is 25919037887 a composite number?
False
Is 257138903 a composite number?
True
Is 27060490021 composite?
True
Is 6358310467 prime?
False
Is 452240795 a prime number?
False
Is 480800011 a prime number?
True
Is 21186118819 a composite number?
True
Is 19693663201 prime?
True
Is 7941730661 a prime number?
True
Is 378944717 composite?
True
Is 3591894157 a prime number?
False
Is 19673232107 composite?
False
Is 245318603 composite?
False
Is 66481995691 a composite number?
True
Is 877775101 composite?
True
Is 1471972207 a prime number?
False
Is 5361202817 a composite number?
False
Is 2569738823 a composite number?
False
Is 3235766399 composite?
False
Is 329992415882 a prime number?
False
Is 3575504458 prime?
False
Is 659692981 a composite number?
True
Is 5662155049 a composite number?
False
Is 256340763669 composite?
True
Is 533113667 prime?
True
Is 51559349 a prime number?
True
Is 2007612701 composite?
True
Is 11446020517 a prime number?
False
Is 135103844641 a prime number?
False
Is 1333700222521 composite?
False
Is 2070743117 a composite number?
True
Is 11816145773 prime?
False
Is 23534213453 composite?
False
Is 3928279414 a prime number?
False
Is 10811799811 a prime number?
True
Is 41121371527 composite?
False
Is 7418764277 a prime number?
False
Is 4363104679 a prime number?
True
Is 164000580809 composite?
True
Is 109778320813 a composite number?
True
Is 4577113249 a prime number?
False
Is 333448501 composite?
False
Is 58572281 a composite number?
False
Is 40426111987 a prime number?
False
Is 835981423 a prime number?
True
Is 27994202063 a composite number?
False
Is 414751943 a compos